{"id":76,"date":"2024-02-07T23:28:20","date_gmt":"2024-02-07T22:28:20","guid":{"rendered":"http:\/\/stream.fo\/?page_id=76"},"modified":"2024-10-11T23:09:42","modified_gmt":"2024-10-11T21:09:42","slug":"vaelkomin","status":"publish","type":"page","link":"https:\/\/stream.fo\/","title":{"rendered":"V\u00e6lkomin"},"content":{"rendered":"\t\t<div data-elementor-type=\"wp-page\" data-elementor-id=\"76\" class=\"elementor elementor-76\">\n\t\t\t\t<div class=\"elementor-element elementor-element-aa40c44 e-flex e-con-boxed e-con e-parent\" data-id=\"aa40c44\" data-element_type=\"container\" data-e-type=\"container\">\n\t\t\t\t\t<div class=\"e-con-inner\">\n\t\t<div class=\"elementor-element elementor-element-a35b150 e-grid e-con-full e-con e-child\" data-id=\"a35b150\" data-element_type=\"container\" data-e-type=\"container\">\n\t\t\t\t<div class=\"elementor-element elementor-element-917ca71 elementor-widget elementor-widget-radio_player\" data-id=\"917ca71\" data-element_type=\"widget\" data-e-type=\"widget\" data-widget_type=\"radio_player.default\">\n\t\t\t\t<div class=\"elementor-widget-container\">\n\t\t\t\t\t<div class=\"aligncenter\"><div class=\"radio_player\" data-player-type=\"shortcode\" data-data=\"eyJpZCI6MSwidGl0bGUiOiJGTTk4LDciLCJzdGlja3kiOmZhbHNlLCJzdGF0dXMiOnRydWUsInNraW4iOiJza2luMSIsInN0YXRpb25zIjpbeyJ0aXRsZSI6IkZNOTgsNyIsInN0cmVhbSI6Imh0dHBzOlwvXC9saXZlcmFkaW8uc3RyZWFtLmZvXC9saXN0ZW5cL2ZtOTgsN1wvd2ViIiwidGh1bWJuYWlsIjoiaHR0cDpcL1wvc3RyZWFtLmZvXC93cC1jb250ZW50XC91cGxvYWRzXC8yMDI0XC8wMlwvU3RyZWFtZm8ucG5nIiwic291cmNlX3R5cGUiOiJzdHJlYW0ifV0sInBvcHVwX2ljb24iOmZhbHNlLCJwbGF5bGlzdF9pY29uIjpmYWxzZSwiaGlzdG9yeV9pY29uIjpmYWxzZSwidm9sdW1lX2NvbnRyb2wiOnRydWUsInBsYXllcl9zdGF0dXMiOnRydWUsInNob3dfYXJ0aXN0IjpmYWxzZSwic2hvd19hcnR3b3JrIjpmYWxzZSwicGxheWVyX3RleHQiOiJMaXN0ZW4gTGl2ZSIsIndpZHRoIjozNTAsIndpZHRoX21vYmlsZSI6MzIwLCJib3JkZXJfcmFkaXVzIjoxMCwiYmdfY29sb3IiOiJsaW5lYXItZ3JhZGllbnQoLTIyNWRlZywgI0UzRkRGNSAwJSwgI0ZGRTZGQSAxMDAlKSIsImJnX2ltYWdlIjoiaHR0cDpcL1wvc3RyZWFtLmZvXC93cC1jb250ZW50XC9wbHVnaW5zXC9yYWRpby1wbGF5ZXJcL2Fzc2V0c1wvaW1hZ2VzXC9wbGF5ZXItYmcucG5nIiwiYmdfdHlwZSI6ImNvbG9yIiwiY29sb3JfdHlwZSI6InNvbGlkIiwidGV4dF9jb2xvciI6IiJ9\"><\/div><\/div>\t\t\t\t<\/div>\n\t\t\t\t<\/div>\n\t\t\t\t<div class=\"elementor-element elementor-element-b0a5ae5 elementor-widget elementor-widget-radio_player\" data-id=\"b0a5ae5\" data-element_type=\"widget\" data-e-type=\"widget\" data-widget_type=\"radio_player.default\">\n\t\t\t\t<div class=\"elementor-widget-container\">\n\t\t\t\t\t<div class=\"aligncenter\"><div class=\"radio_player\" data-player-type=\"shortcode\" data-data=\"eyJpZCI6MiwidGl0bGUiOiJMaW5kaW4gS3Jpc3RpbGlndCBLcmluZ3ZhcnAiLCJzdGlja3kiOmZhbHNlLCJzdGF0dXMiOnRydWUsInNraW4iOiJza2luMSIsInN0YXRpb25zIjpbeyJ0aXRsZSI6IkxpbmRpbiBLcmlzdGlsaWd0IEtyaW5ndmFycCIsInN0cmVhbSI6Imh0dHBzOlwvXC9oaWdoLmxpbmRpbi5mbyIsInRodW1ibmFpbCI6Imh0dHA6XC9cL3N0cmVhbS5mb1wvd3AtY29udGVudFwvdXBsb2Fkc1wvMjAyNFwvMDJcL0xpbmRpbi5wbmciLCJzb3VyY2VfdHlwZSI6InN0cmVhbSJ9XSwicG9wdXBfaWNvbiI6ZmFsc2UsInBsYXlsaXN0X2ljb24iOmZhbHNlLCJoaXN0b3J5X2ljb24iOmZhbHNlLCJ2b2x1bWVfY29udHJvbCI6dHJ1ZSwicGxheWVyX3N0YXR1cyI6dHJ1ZSwic2hvd19hcnRpc3QiOmZhbHNlLCJzaG93X2FydHdvcmsiOmZhbHNlLCJwbGF5ZXJfdGV4dCI6Ikxpc3RlbiBMaXZlIiwid2lkdGgiOjM1MCwid2lkdGhfbW9iaWxlIjozMjAsImJvcmRlcl9yYWRpdXMiOjEwLCJiZ19jb2xvciI6ImxpbmVhci1ncmFkaWVudCgtMjI1ZGVnLCAjRTNGREY1IDAlLCAjRkZFNkZBIDEwMCUpIiwiYmdfaW1hZ2UiOiJodHRwOlwvXC9zdHJlYW0uZm9cL3dwLWNvbnRlbnRcL3BsdWdpbnNcL3JhZGlvLXBsYXllclwvYXNzZXRzXC9pbWFnZXNcL3BsYXllci1iZy5wbmciLCJiZ190eXBlIjoiY29sb3IiLCJjb2xvcl90eXBlIjoic29saWQiLCJ0ZXh0X2NvbG9yIjoiIn0=\"><\/div><\/div>\t\t\t\t<\/div>\n\t\t\t\t<\/div>\n\t\t\t\t<div class=\"elementor-element elementor-element-96321a2 elementor-widget elementor-widget-radio_player\" data-id=\"96321a2\" data-element_type=\"widget\" data-e-type=\"widget\" data-widget_type=\"radio_player.default\">\n\t\t\t\t<div class=\"elementor-widget-container\">\n\t\t\t\t\t<div class=\"aligncenter\"><div class=\"radio_player\" data-player-type=\"shortcode\" data-data=\"eyJpZCI6MywidGl0bGUiOiJKXHUwMGYzbGFyXHUwMGUxc2luIiwic3RpY2t5IjpmYWxzZSwic3RhdHVzIjp0cnVlLCJza2luIjoic2tpbjEiLCJzdGF0aW9ucyI6W3sidGl0bGUiOiJKXHUwMGYzbGFyXHUwMGUxc2luIGhqXHUwMGUxIFN0cmVhbS5mbyIsInN0cmVhbSI6Imh0dHBzOlwvXC9saXZlcmFkaW8uc3RyZWFtLmZvXC9saXN0ZW5cL2pvbGFyYXNpblwvaGlnaCIsInRodW1ibmFpbCI6Imh0dHBzOlwvXC9zdHJlYW0uZm9cL3dwLWNvbnRlbnRcL3VwbG9hZHNcLzIwMjRcLzEwXC9qb2xhcmFzbi5qcGciLCJzb3VyY2VfdHlwZSI6InN0cmVhbSJ9XSwicG9wdXBfaWNvbiI6ZmFsc2UsInBsYXlsaXN0X2ljb24iOmZhbHNlLCJoaXN0b3J5X2ljb24iOmZhbHNlLCJ2b2x1bWVfY29udHJvbCI6dHJ1ZSwicGxheWVyX3N0YXR1cyI6dHJ1ZSwic2hvd19hcnRpc3QiOmZhbHNlLCJzaG93X2FydHdvcmsiOmZhbHNlLCJwbGF5ZXJfdGV4dCI6Ikxpc3RlbiBMaXZlIiwid2lkdGgiOjM1MCwid2lkdGhfbW9iaWxlIjozMjAsImJvcmRlcl9yYWRpdXMiOjEwLCJiZ19jb2xvciI6ImxpbmVhci1ncmFkaWVudCgtMjI1ZGVnLCAjRTNGREY1IDAlLCAjRkZFNkZBIDEwMCUpIiwiYmdfaW1hZ2UiOiJodHRwczpcL1wvc3RyZWFtLmZvXC93cC1jb250ZW50XC9wbHVnaW5zXC9yYWRpby1wbGF5ZXJcL2Fzc2V0c1wvaW1hZ2VzXC9wbGF5ZXItYmcucG5nIiwiYmdfdHlwZSI6ImNvbG9yIiwiY29sb3JfdHlwZSI6InNvbGlkIiwidGV4dF9jb2xvciI6IiJ9\"><\/div><\/div>\t\t\t\t<\/div>\n\t\t\t\t<\/div>\n\t\t\t\t<\/div>\n\t\t\t\t\t<\/div>\n\t\t\t\t<\/div>\n\t\t<div class=\"elementor-element elementor-element-04e4673 e-flex e-con-boxed e-con e-parent\" data-id=\"04e4673\" data-element_type=\"container\" data-e-type=\"container\">\n\t\t\t\t\t<div class=\"e-con-inner\">\n\t\t<div class=\"elementor-element elementor-element-568ee7f e-con-full e-flex e-con e-child\" data-id=\"568ee7f\" data-element_type=\"container\" data-e-type=\"container\">\n\t\t\t\t<\/div>\n\t\t<div class=\"elementor-element elementor-element-e8fd3d7 e-con-full e-flex e-con e-child\" data-id=\"e8fd3d7\" data-element_type=\"container\" data-e-type=\"container\">\n\t\t\t\t<\/div>\n\t\t\t\t\t<\/div>\n\t\t\t\t<\/div>\n\t\t<div class=\"elementor-element elementor-element-19ac65f e-flex e-con-boxed e-con e-parent\" data-id=\"19ac65f\" data-element_type=\"container\" data-e-type=\"container\">\n\t\t\t\t\t<div class=\"e-con-inner\">\n\t\t\t\t<div class=\"elementor-element elementor-element-559b1df elementor-widget elementor-widget-heading\" data-id=\"559b1df\" data-element_type=\"widget\" data-e-type=\"widget\" data-widget_type=\"heading.default\">\n\t\t\t\t<div class=\"elementor-widget-container\">\n\t\t\t\t\t<h2 class=\"elementor-heading-title elementor-size-default\">Lj\u00f3\u00f0- &amp; Videostreamingar<\/h2>\t\t\t\t<\/div>\n\t\t\t\t<\/div>\n\t\t\t\t\t<\/div>\n\t\t\t\t<\/div>\n\t\t<div class=\"elementor-element elementor-element-5bb287e e-flex e-con-boxed e-con e-parent\" data-id=\"5bb287e\" data-element_type=\"container\" data-e-type=\"container\">\n\t\t\t\t\t<div class=\"e-con-inner\">\n\t\t<div class=\"elementor-element elementor-element-e4423db e-con-full e-flex e-con e-child\" data-id=\"e4423db\" data-element_type=\"container\" data-e-type=\"container\">\n\t\t\t\t<div class=\"elementor-element elementor-element-c3fd210 elementor-widget elementor-widget-image\" data-id=\"c3fd210\" data-element_type=\"widget\" data-e-type=\"widget\" data-widget_type=\"image.default\">\n\t\t\t\t<div class=\"elementor-widget-container\">\n\t\t\t\t\t\t\t\t\t\t\t\t\t\t\t<img fetchpriority=\"high\" decoding=\"async\" width=\"1024\" height=\"478\" src=\"https:\/\/stream.fo\/wp-content\/uploads\/2024\/02\/5e52e7202c16e8da5413e3d7_live-stream-tools-blog-2-1024x478.jpeg\" class=\"attachment-large size-large wp-image-71\" alt=\"\" srcset=\"https:\/\/stream.fo\/wp-content\/uploads\/2024\/02\/5e52e7202c16e8da5413e3d7_live-stream-tools-blog-2-1024x478.jpeg 1024w, https:\/\/stream.fo\/wp-content\/uploads\/2024\/02\/5e52e7202c16e8da5413e3d7_live-stream-tools-blog-2-300x140.jpeg 300w, https:\/\/stream.fo\/wp-content\/uploads\/2024\/02\/5e52e7202c16e8da5413e3d7_live-stream-tools-blog-2-768x358.jpeg 768w, https:\/\/stream.fo\/wp-content\/uploads\/2024\/02\/5e52e7202c16e8da5413e3d7_live-stream-tools-blog-2.jpeg 1500w\" sizes=\"(max-width: 1024px) 100vw, 1024px\" \/>\t\t\t\t\t\t\t\t\t\t\t\t\t\t\t<\/div>\n\t\t\t\t<\/div>\n\t\t\t\t<\/div>\n\t\t<div class=\"elementor-element elementor-element-63009bb e-con-full e-flex e-con e-child\" data-id=\"63009bb\" data-element_type=\"container\" data-e-type=\"container\">\n\t\t\t\t<div class=\"elementor-element elementor-element-5049277 elementor-widget elementor-widget-text-editor\" data-id=\"5049277\" data-element_type=\"widget\" data-e-type=\"widget\" data-widget_type=\"text-editor.default\">\n\t\t\t\t<div class=\"elementor-widget-container\">\n\t\t\t\t\t\t\t\t\t<font size=\"2\">Vit kunnu bj\u00f3\u00f0a b\u00e6\u00f0i lj\u00f3\u00f0streamingar &#8211; er vanligt b\u00edligari \u00ed \u00fatger\u00f0, uppsetan og brei\u00f0bandsn\u00fdtslu.<br>\nVit kunnu bj\u00f3\u00f0a videostreamingar &#8211; krevur eitt sindur meira \u00fatger\u00f0, uppsetan og brei\u00f0bandsn\u00fdtslu.<br>\nVit hava \u00fatger\u00f0 og f\u00f3lk til at veita sm\u00e6rri streamingar \u00e1 sta\u00f0num.<br>\nVit hava \u00fatger\u00f0 at seta upp til einfaldar streaming innstallati\u00f3nir.<br>\nVit kunnu veita g\u00f3\u00f0a r\u00e1\u00f0geving innan streaming &#8211;\u00a0\u00fatger\u00f0, streamingplarformar, uppl\u00e6ring o.a.<br>\nVit kunnu veita ein t\u00e6nastus\u00e1ttm\u00e1la til tykkara streaming\u00fatger\u00f0 og t\u00e6nastur.<br>\n\nOg so eru vit kappingarf\u00f8r vi\u00f0 pr\u00edsinum eisini \ud83d\ude42<\/font>\t\t\t\t\t\t\t\t<\/div>\n\t\t\t\t<\/div>\n\t\t\t\t<\/div>\n\t\t<div class=\"elementor-element elementor-element-845a580 e-con-full e-flex e-con e-child\" data-id=\"845a580\" data-element_type=\"container\" data-e-type=\"container\">\n\t\t\t\t<div class=\"elementor-element elementor-element-c87c1bf elementor-widget elementor-widget-heading\" data-id=\"c87c1bf\" data-element_type=\"widget\" data-e-type=\"widget\" data-widget_type=\"heading.default\">\n\t\t\t\t<div class=\"elementor-widget-container\">\n\t\t\t\t\t<h5 class=\"elementor-heading-title elementor-size-default\">Manglar tykkum streaming?<\/h5>\t\t\t\t<\/div>\n\t\t\t\t<\/div>\n\t\t\t\t<div class=\"elementor-element elementor-element-3a05f3d elementor-widget elementor-widget-text-editor\" data-id=\"3a05f3d\" data-element_type=\"widget\" data-e-type=\"widget\" data-widget_type=\"text-editor.default\">\n\t\t\t\t<div class=\"elementor-widget-container\">\n\t\t\t\t\t\t\t\t\t<p>Vit veita streaming t\u00e6nastur \u00ed \u00f8llum F\u00f8royum &#8211; b\u00e6\u00f0i loysnir til fastar innstallati\u00f3nir og til einst\u00f8k tilt\u00f8k<\/p><p>Vit hava veitt dygdarg\u00f3\u00f0a streaming \u00ed fleiri \u00e1r, og hava t\u00ed ta\u00f0 servitan innan streaming til at veita eina trygga og skilag\u00f3\u00f0a r\u00e1geving til tykkum<\/p><p>\u00a0<\/p><p>Serliga eru okkara einfalda uppsetan v\u00e6ld\u00e1md til kirkjur, samkomur og onnur, sum ikki eru so k\u00f8n innan ta\u00f0 tekniska \u00f8ki\u00f0 &#8211; okkara einfaldu uppsetingar, gera ta\u00f0 l\u00e6tt og einfalt fyri ein og hv\u00f8nn at starta eina streaming<\/p><p>Send okkum ein \u00f3bindandi dyrispurning &#8211; so taka\u00f0 vit eitt pr\u00e1t.<\/p>\t\t\t\t\t\t\t\t<\/div>\n\t\t\t\t<\/div>\n\t\t\t\t<\/div>\n\t\t<div class=\"elementor-element elementor-element-c034b44 e-con-full e-flex e-con e-child\" data-id=\"c034b44\" data-element_type=\"container\" data-e-type=\"container\">\n\t\t\t\t<div class=\"elementor-element elementor-element-d10c72e elementor-widget elementor-widget-image\" data-id=\"d10c72e\" data-element_type=\"widget\" data-e-type=\"widget\" data-widget_type=\"image.default\">\n\t\t\t\t<div class=\"elementor-widget-container\">\n\t\t\t\t\t\t\t\t\t\t\t\t\t\t\t<img decoding=\"async\" width=\"1024\" height=\"748\" src=\"https:\/\/stream.fo\/wp-content\/uploads\/2024\/02\/Cloud-streaming-platform-vsn-2-1024x748.jpg\" class=\"attachment-large size-large wp-image-62\" alt=\"\" srcset=\"https:\/\/stream.fo\/wp-content\/uploads\/2024\/02\/Cloud-streaming-platform-vsn-2-1024x748.jpg 1024w, https:\/\/stream.fo\/wp-content\/uploads\/2024\/02\/Cloud-streaming-platform-vsn-2-300x219.jpg 300w, https:\/\/stream.fo\/wp-content\/uploads\/2024\/02\/Cloud-streaming-platform-vsn-2-768x561.jpg 768w, https:\/\/stream.fo\/wp-content\/uploads\/2024\/02\/Cloud-streaming-platform-vsn-2.jpg 1112w\" sizes=\"(max-width: 1024px) 100vw, 1024px\" \/>\t\t\t\t\t\t\t\t\t\t\t\t\t\t\t<\/div>\n\t\t\t\t<\/div>\n\t\t\t\t<\/div>\n\t\t\t\t\t<\/div>\n\t\t\t\t<\/div>\n\t\t<div class=\"elementor-element elementor-element-a227d4a e-flex e-con-boxed e-con e-parent\" data-id=\"a227d4a\" data-element_type=\"container\" data-e-type=\"container\">\n\t\t\t\t\t<div class=\"e-con-inner\">\n\t\t<div class=\"elementor-element elementor-element-e85b4d0 e-con-full e-flex e-con e-child\" data-id=\"e85b4d0\" data-element_type=\"container\" data-e-type=\"container\">\n\t\t\t\t<div class=\"elementor-element elementor-element-1c4ae3a elementor-widget elementor-widget-image\" data-id=\"1c4ae3a\" data-element_type=\"widget\" data-e-type=\"widget\" data-widget_type=\"image.default\">\n\t\t\t\t<div class=\"elementor-widget-container\">\n\t\t\t\t\t\t\t\t\t\t\t\t\t\t\t<img decoding=\"async\" src=\"https:\/\/stream.fo\/wp-content\/plugins\/elementor\/assets\/images\/placeholder.png\" title=\"\" alt=\"\" loading=\"lazy\" \/>\t\t\t\t\t\t\t\t\t\t\t\t\t\t\t<\/div>\n\t\t\t\t<\/div>\n\t\t\t\t<\/div>\n\t\t<div class=\"elementor-element elementor-element-e6bc395 e-con-full e-flex e-con e-child\" data-id=\"e6bc395\" data-element_type=\"container\" data-e-type=\"container\">\n\t\t\t\t<div class=\"elementor-element elementor-element-79cc76b elementor-widget elementor-widget-heading\" data-id=\"79cc76b\" data-element_type=\"widget\" data-e-type=\"widget\" data-widget_type=\"heading.default\">\n\t\t\t\t<div class=\"elementor-widget-container\">\n\t\t\t\t\t<h5 class=\"elementor-heading-title elementor-size-default\">N\u00fdggja kamera til streaming<\/h5>\t\t\t\t<\/div>\n\t\t\t\t<\/div>\n\t\t\t\t<div class=\"elementor-element elementor-element-8ac9ae3 elementor-widget elementor-widget-text-editor\" data-id=\"8ac9ae3\" data-element_type=\"widget\" data-e-type=\"widget\" data-widget_type=\"text-editor.default\">\n\t\t\t\t<div class=\"elementor-widget-container\">\n\t\t\t\t\t\t\t\t\t<p>Vit hava dagf\u00f8rt okkara streaming \u00fatger\u00f0, so n\u00fa kunnu vit streama \u00ed 4K g\u00f3\u00f0sku \ud83d\ude42<\/p><p>Send okkum ein fyrispurning um tit hugsa um at streama eitt hv\u00f8rt tiltak &#8211; vit kunnu eisinir\u00e1\u00f0geva til fasta innlegging til streaming<\/p>\t\t\t\t\t\t\t\t<\/div>\n\t\t\t\t<\/div>\n\t\t\t\t<\/div>\n\t\t<div class=\"elementor-element elementor-element-cc1b6b8 e-con-full e-flex e-con e-child\" data-id=\"cc1b6b8\" data-element_type=\"container\" data-e-type=\"container\">\n\t\t\t\t<\/div>\n\t\t<div class=\"elementor-element elementor-element-65fad89 e-con-full e-flex e-con e-child\" data-id=\"65fad89\" data-element_type=\"container\" data-e-type=\"container\">\n\t\t\t\t<\/div>\n\t\t\t\t\t<\/div>\n\t\t\t\t<\/div>\n\t\t<div class=\"elementor-element elementor-element-3035f2e e-flex e-con-boxed e-con e-parent\" data-id=\"3035f2e\" data-element_type=\"container\" data-e-type=\"container\">\n\t\t\t\t\t<div class=\"e-con-inner\">\n\t\t\t\t\t<\/div>\n\t\t\t\t<\/div>\n\t\t<div class=\"elementor-element elementor-element-b9c4529 e-flex e-con-boxed e-con e-parent\" data-id=\"b9c4529\" data-element_type=\"container\" data-e-type=\"container\">\n\t\t\t\t\t<div class=\"e-con-inner\">\n\t\t<div class=\"elementor-element elementor-element-0ecb150 e-con-full e-flex e-con e-child\" data-id=\"0ecb150\" data-element_type=\"container\" data-e-type=\"container\">\n\t\t\t\t<\/div>\n\t\t<div class=\"elementor-element elementor-element-1e2ba55 e-con-full e-flex e-con e-child\" data-id=\"1e2ba55\" data-element_type=\"container\" data-e-type=\"container\">\n\t\t\t\t<\/div>\n\t\t\t\t\t<\/div>\n\t\t\t\t<\/div>\n\t\t\t\t<\/div>\n\t\t","protected":false},"excerpt":{"rendered":"<p>Lj\u00f3\u00f0- &amp; Videostreamingar Vit kunnu bj\u00f3\u00f0a b\u00e6\u00f0i lj\u00f3\u00f0streamingar &#8211; er vanligt b\u00edligari \u00ed \u00fatger\u00f0, uppsetan og brei\u00f0bandsn\u00fdtslu. Vit kunnu bj\u00f3\u00f0a videostreamingar &#8211; krevur eitt sindur meira \u00fatger\u00f0, uppsetan og brei\u00f0bandsn\u00fdtslu. Vit hava \u00fatger\u00f0 og f\u00f3lk til at veita sm\u00e6rri streamingar \u00e1 sta\u00f0num. Vit hava \u00fatger\u00f0 at seta upp til einfaldar streaming innstallati\u00f3nir. Vit kunnu veita [&hellip;]<\/p>\n","protected":false},"author":1,"featured_media":0,"parent":0,"menu_order":0,"comment_status":"closed","ping_status":"closed","template":"","meta":{"footnotes":""},"class_list":["post-76","page","type-page","status-publish","hentry"],"_links":{"self":[{"href":"https:\/\/stream.fo\/index.php?rest_route=\/wp\/v2\/pages\/76","targetHints":{"allow":["GET"]}}],"collection":[{"href":"https:\/\/stream.fo\/index.php?rest_route=\/wp\/v2\/pages"}],"about":[{"href":"https:\/\/stream.fo\/index.php?rest_route=\/wp\/v2\/types\/page"}],"author":[{"embeddable":true,"href":"https:\/\/stream.fo\/index.php?rest_route=\/wp\/v2\/users\/1"}],"replies":[{"embeddable":true,"href":"https:\/\/stream.fo\/index.php?rest_route=%2Fwp%2Fv2%2Fcomments&post=76"}],"version-history":[{"count":26,"href":"https:\/\/stream.fo\/index.php?rest_route=\/wp\/v2\/pages\/76\/revisions"}],"predecessor-version":[{"id":143,"href":"https:\/\/stream.fo\/index.php?rest_route=\/wp\/v2\/pages\/76\/revisions\/143"}],"wp:attachment":[{"href":"https:\/\/stream.fo\/index.php?rest_route=%2Fwp%2Fv2%2Fmedia&parent=76"}],"curies":[{"name":"wp","href":"https:\/\/api.w.org\/{rel}","templated":true}]}}